Calculate the highest common factor of 6 and w.
3
Let t = 32 - 17. Let j(i) = -i**2 + 5*i + 13. Let s be j(6). Let g(p) = 4*p - 23. Let o be g(s). Calculate the highest common divisor of t and o.
5
Let n be (-6)/(-10) - 82/(-5). Suppose 4*u - 88 = -4*f, f - n - 23 = 5*u. Calculate the greatest common divisor of f and 225.
25
Let r be (-11590)/(-90) + (-10)/(-45) + 0. Suppose -172 = -5*o + 3*o. What is the highest common divisor of o and r?
43
Let r(o) = 27*o**2 + 19*o - 148. Let q be r(7). Calculate the greatest common factor of q and 12.
12
Suppose 858 = 6*w - 17*w. Let y = 93 + w. Suppose 2*a = -m + 3*a + 10, -10 = -3*m - a. What is the greatest common divisor of m and y?
5
Let w = 1540 - 1022. What is the highest common factor of 14 and w?
14
Suppose q + 3 = 0, -710 = -2*c - 5*q + 3*q. Suppose 0*a = -2*a + c. Let z = -75 + a. Calculate the greatest common divisor of z and 13.
13
Let k(d) = -d + 30. Let i be k(0). Let b(c) = -c**2 + 7*c + 1. Let s be b(6). Suppose 450 = s*m + 3*m. What is the highest common divisor of m and i?
15
Let s be -4*(-1 + 1 + -31). Suppose 0 = 4*n - 400 + s. Suppose 2*b - n = 61. Calculate the greatest common factor of 26 and b.
13
Let g = -777 - -844. What is the highest common factor of g and 871?
67
Suppose 0*s + 2 = s. Suppose 7 = 5*h + s. Suppose -5 - h = -2*d, 2*l - 46 = -2*d. Calculate the greatest common divisor of l and 4.
4
Suppose -429 = -3*m - z - 3*z, -2*m + 306 = -4*z. Let y(l) = -21*l**3 - l**2 - 2*l - 1. Let o be y(-1). Calculate the greatest common factor of o and m.
21
Let y(r) = 7*r. Let a be y(-2). Let d = 17 + a. Let g = 4 - d. What is the highest common divisor of g and 9?
1
Suppose -11*w = -76 - 364. What is the highest common factor of w and 1640?
40
Suppose 0 = -6*q + 12 + 6. Let s(r) = -10*r - 3. Let h be s(-2). Suppose -4*j - j - 10 = -5*i, -4*j + h = i. Calculate the highest common divisor of j and q.
3
Let d(n) = -n**3 + 6*n**2 - 4*n + 5. Let k = 93 - 89. Let j be d(k). What is the highest common divisor of j and 14?
7
Suppose 3*q - 1239 = 5*z, 20*z = -5*q + 22*z + 2046. Calculate the highest common divisor of 153 and q.
51
Let a(h) = -h**2 + 5*h. Let n be a(3). Let x be ((-6)/9)/(1/(-54)). What is the highest common divisor of x and n?
6
Let l be -8*(30/195 - (-597)/(-78)). Calculate the greatest common divisor of l and 15.
15
Suppose -3 = 3*b, -t + 16 = -5*b + 1. Let m be -3 + 2/(4/t). Suppose -m*a + 20 = g, 3*a + g - 2*g = 30. What is the highest common divisor of 20 and a?
10
Suppose -234 = 25*h - 38*h. Calculate the greatest common factor of 4302 and h.
18
Suppose 166 = -4*k - 70. Let y = -53 - k. Let w(m) = -m**3 + 6*m**2 + 9*m - 6. Let j be w(6). Calculate the highest common factor of j and y.
6
Let h = 16 + -11. Let b = 36 - h. Calculate the highest common factor of b and 62.
31
Let f = 38 + -25. Let v be (-1 - -3) + (39 - f). Calculate the highest common divisor of 28 and v.
28
Let y(d) = -2*d - 4. Let f be y(-4). Let i(x) = x**3 - 3*x**2 + 4*x. Let w be i(f). Calculate the greatest common divisor of w and 48.
16
Suppose -5*l = -4*v + 5*v - 235, -2*v + 492 = -l. Let x be 410/30*3 - 6. What is the highest common factor of v and x?
35
Let r be 21/2*17/(119/18). Let j(g) = g**3 + 6*g**2 + 5*g - 4. Let q be j(-5). Let a be (-82)/q + r/18. Calculate the highest common divisor of 198 and a.
22
Suppose 4*u - 21 = -5*p, 2*u - 2*p - 10 = -4*p. Suppose 3*s + 35 = u*s. Calculate the highest common divisor of s and 35.
35
Suppose 460 = -95*p + 99*p. Let z(s) = -15*s + 1. Let r be z(-3). What is the greatest common divisor of r and p?
23
Suppose -2*p = -4*a + 5*a - 13, 1 = -3*a + 4*p. Suppose -4*b - 329 = -j + 75, -386 = -j - a*b. Calculate the greatest common factor of 36 and j.
36
Suppose -15*f = 2*r - 12*f - 170, -f = 2. Calculate the greatest common factor of r and 1144.
88
Let w(s) = s**3 + 21*s**2 - 48*s - 423. Let l be w(-21). What is the highest common divisor of 351 and l?
117
Suppose 40*j - 1442 = -322. What is the greatest common factor of 518 and j?
14
Let p = 3119 + -1344. What is the highest common divisor of p and 71?
71
Let c be (-27)/27 + (32 - -1*1). Calculate the highest common factor of 176 and c.
16
Suppose 50 = -4*q - 38. Let c = q - -43. Suppose 0 = 5*a - 0*a - 840. Calculate the highest common divisor of c and a.
21
Suppose 0 = 5*a - 7*a + 52. Let b = -32 - -39. Suppose b*l - 1716 = l. What is the greatest common divisor of a and l?
26
Let z = -133 + 315. Calculate the greatest common factor of 14 and z.
14
Let y(r) be the third derivative of r**4/8 + 5*r**3/3 + 10*r**2. Let t be y(8). Calculate the greatest common factor of t and 136.
34
Let w(d) = -3*d + 5 + 33*d**2 - 1 + 49*d**2 - 2. Let u be w(1). Calculate the greatest common factor of 54 and u.
27
Let o(j) = -j**3 + 47*j**2 - 206*j - 5. Let f be o(5). Let x be 1/4 + 1437/12. What is the greatest common divisor of f and x?
15
Let x = -20 + 14. Let c be 6 + -6 - (-28 + 0). Let r be (c/x)/(3/(-36)). Calculate the highest common divisor of r and 8.
8
Let i be 42/(-4)*33*(1 + -3). What is the greatest common divisor of 11 and i?
11
Let n = -266 + 513. What is the greatest common divisor of 19 and n?
19
Suppose 2*b = 9 + 15. Let a(l) = 3*l + 25. Let t be a(12). Let f = 64 - t. Calculate the greatest common factor of f and b.
3
Let f(m) = 2*m**2 + 27*m + 3. Let t be f(-15). What is the highest common divisor of t and 120?
24
Let d be 2/(-15) - (-1119)/(-45). Let y = 5 - d. Calculate the highest common divisor of y and 90.
30
Let l(j) = 16*j - 12. Let p be l(7). Calculate the highest common divisor of p and 150.
50
Let g = 87 + -1. Let c = 47 - 4. Calculate the highest common divisor of g and c.
43
Let k be -3*(-1 + 0/(-4)). Suppose k*t = 2*t + 3. Suppose -r + 52 = t*r. What is the highest common divisor of r and 91?
13
Let p be ((-24)/20)/(2/45). Let f = 129 - p. What is the highest common factor of 12 and f?
12
Suppose 8*a = -0*a + 192. Calculate the highest common divisor of a and 216.
24
Suppose -1298 = -5*m + 2*a + a, 3*a - 1033 = -4*m. Let u = m + -136. What is the highest common divisor of 41 and u?
41
Suppose 28*y - 1174 = -670. What is the highest common factor of 1575 and y?
9
Suppose -8 = -5*s + s. Suppose -15 = -4*y - 3*r + s*r, y - 2*r = 15. Suppose -w + y*v + 60 = 0, -v = -4*v. Calculate the highest common divisor of w and 40.
20
Suppose 15 = 3*c, c - 5 = -5*q + 20. Suppose i = m + 33, i - m - 165 = -q*i. What is the highest common divisor of 11 and i?
11
Let i(r) = 2*r**2 - 3*r + 1. Let k be i(2). Let y(z) = 23*z**2 + 3*z + 1. Let u be y(-1). What is the greatest common factor of u and k?
3
Let f be (3 + 0)/((33/4)/11). Let h be (2 - (5 + -3))/(-1). Suppose 35 = 4*p + q - 16, 5*q - 15 = h. What is the greatest common divisor of p and f?
4
Suppose 1319 = 23*s + 31. Calculate the highest common factor of s and 16.
8
Let n(t) = -t**3 - 10*t**2 + 15*t + 20. Let h be n(-11). Let k be (200/(-6))/(16/h). What is the greatest common divisor of 550 and k?
50
Let t(f) = f**3 + 5*f**2 + 5*f + 5. Let i be t(-3). Let w be (i/5)/((-5)/(-300)*3). What is the highest common divisor of 160 and w?
32
Let v(y) = 16*y**3 - 2*y**2 + 4*y - 3. Let w be v(2). Suppose 6*m - a - w = m, -2*m - 3*a + 33 = 0. What is the greatest common divisor of 6 and m?
6
Let t = -37 + -223. Let r be ((-1)/(-5))/((-4)/t). Calculate the highest common factor of r and 78.
13
Let y(g) = -g - 1. Let u be y(-5). Let w(c) = 2*c**2 - 9*c + 4. Let m be w(u). Suppose 2*q + 44 - 206 = m. What is the highest common divisor of q and 9?
9
Let q = 9 + 19. Suppose -176 - 202 = -9*p. What is the greatest common factor of p and q?
14
Suppose -7*b + 25 = -2*b. Suppose -b*p + 72 = 2. Let m be (1 - -23)/(4/p). What is the highest common factor of 12 and m?
12
Let v = 11 + -3. Let x(f) = f**3 - 7*f**2 - 7*f - 4. Let t be x(v). Suppose 288 = t*q + 8. Calculate the highest common divisor of q and 14.
14
Suppose -4*s + 5*i = -2508, -29*s + 2*i = -27*s - 1254. Calculate the highest common factor of s and 171.
57
Let b = -41 + 47. Suppose 3*f - 292 = -2*p, -376 = -4*f + b*p - 2*p. Calculate the highest common divisor of f and 12.
12
Suppose 0*d + 15 = -4*m - 3*d, -24 = 5*m + 2*d. Let l be (-123)/m + 9/6. Calculate the greatest common factor of l and 22.
22
Suppose -5*